. What are the prime factors of w?
2
Suppose 5*u + 16 = -4. Let b be u - 0 - (2 - 3). Let d(g) = g**3 + 3*g**2 - 2*g - 3. List the prime factors of d(b).
3
Suppose -75 = -2*v - 3*v + 5*m, 0 = 4*m + 4. List the prime factors of v.
2, 7
Let t = 135 + -81. What are the prime factors of t?
2, 3
Let q = -190 + 417. What are the prime factors of q?
227
Let q = 7 + -10. List the prime factors of ((-66)/9)/(2/q).
11
Let b(k) = -k**2 - 5*k + 2. Let g be b(-5). Let l be (9/4)/(g/24). What are the prime factors of 50/18 - (-6)/l?
3
Suppose j + 66 = 3*j + 4*b, 0 = 2*j - 5*b - 30. Let d = -15 + j. List the prime factors of d.
2, 5
Let z(t) = 3*t - 2. Let i(m) = -m**2 - 5*m. Let s be i(-4). What are the prime factors of z(s)?
2, 5
Let u be 12/5 - (-6)/(-15). Suppose -3*d + 41 = -d - 5*o, 3*o - 1 = -u*d. Suppose -d = -4*z + 16. What are the prime factors of z?
2, 3
Let h = 16 - 4. List the prime factors of h.
2, 3
Let t = -11 + 19. Let d(i) = -i**2 + 9*i. List the prime factors of d(t).
2
Suppose -25*u = -20*u - 365. What are the prime factors of u?
73
Suppose -3*v = -0*v - 30. Let l be (v/4 + -3)*0. Let y = 10 + l. What are the prime factors of y?
2, 5
Let l = 4 - 5. Suppose -5*c + 25 = 4*n - 0*n, 2*c - 10 = -2*n. Let u = c - l. What are the prime factors of u?
2, 3
Let i = -16 - -10. Let l be 9/5 + i/(-30). List the prime factors of 2*(21/6 - l).
3
Suppose o + 43 - 261 = 5*c, -c = -5*o + 1090. What are the prime factors of o?
2, 109
Let x(u) = -u**2 + 6*u - 3. Let o be x(4). Let s(q) be the second derivative of q**3/3 + q**2/2 + 2*q. List the prime factors of s(o).
11
Let y(x) = 2*x**2 - 2*x + 3. Let z be y(5). Let t = z + -22. What are the prime factors of t?
3, 7
What are the prime factors of 1/4 + (-805)/(-28)?
29
Suppose 0*b + 2*b = -2*c + 60, c + 28 = b. List the prime factors of b.
29
Let q = 5 + -3. List the prime factors of q.
2
Suppose 3*t + 0 = 39. List the prime factors of t.
13
Let c = -7 - -1. Let l be (4 - 1)*(-16)/c. Suppose 5*h + 0*s = 2*s + l, -4*h = 4*s - 12. List the prime factors of h.
2
Let k(f) = -f**3 + 5*f**2 - f. Let x be k(4). Suppose -5*q + 4*p - 21 = 0, -q + 2*p = -3*q - x. Let g = q - -9. What are the prime factors of g?
2
Let i = -22 + 54. Suppose -6*c + i = -2*c. What are the prime factors of c?
2
Let g(w) = w**2 + 4*w + 1. What are the prime factors of g(4)?
3, 11
Let z(v) = -v + 4. Suppose 0*c - 15 = -h - c, 3 = -h + 5*c. Suppose -3*y = 3, -2*w = -0*y - 2*y + h. What are the prime factors of z(w)?
11
Let w = 16 - 7. List the prime factors of w.
3
Suppose 62 = -2*s + 298. What are the prime factors of s?
2, 59
Suppose 4*j = 167 + 93. Suppose 0*u = 5*u - j. What are the prime factors of u?
13
What are the prime factors of 3/(9/4)*(-63)/(-14)?
2, 3
Let m(i) = i**2 - 5*i + 3. List the prime factors of m(7).
17
Suppose -t - 5*r + 42 = 0, 3*r - 10 = -2*r. What are the prime factors of t?
2
Suppose -2*t = 2*w - 10, t + 4*w + 2 = 7. Suppose 3*q + 3*j = 39, 0*q - t*q + 75 = -5*j. What are the prime factors of q?
2, 7
Suppose 0 = -0*p - 5*p + 685. List the prime factors of p.
137
Let i(w) = w**2 - 2*w + 1. Let j be i(3). Suppose -9 = -j*x - o, -3*o = 4*x - 7 - 4. List the prime factors of x.
2
List the prime factors of (-64)/(-16) - 43/(-1).
47
Let d be (1 - (-1)/(-5))*-15. Let a be 4/6*d/(-1). Suppose h - 3*h = -a. List the prime factors of h.
2
Let l(w) = -w**2 + 10*w - 2. List the prime factors of l(7).
19
Let y(d) = -d + 3. Let k be y(-3). Suppose -2 = r - k. List the prime factors of r.
2
Let y(b) = -b**2 + 3*b + 10. Let u be y(7). Let g = -6 - -4. What are the prime factors of (-12)/6 + u/g?
7
Let g = -9 + -1. Let d = g - -14. Suppose -d*z + 91 = 5*h, z - 55 + 6 = -3*h. List the prime factors of h.
3, 5
Let l = 0 + 0. Suppose 3*k - 6*k = -12. Suppose n - 4*m + 5*m = k, l = 3*n - m - 16. List the prime factors of n.
5
Let u = 34 - -35. What are the prime factors of u?
3, 23
Suppose 4*f - 16 = 4. Suppose 2*v = -4*a + 4*v + 58, -75 = -5*a + f*v. What are the prime factors of a?
2, 7
Let t(x) = -448*x**3 + 3*x + 3. What are the prime factors of t(-1)?
2, 7
Let s be 1/(2 - (-22)/(-10)). Let h = s + 0. What are the prime factors of h/6*4*-3?
2, 5
Let h(n) = -n**3 - 3*n**2 - 4. What are the prime factors of h(-4)?
2, 3
Suppose 4*a = 61 + 3. Suppose -2*o = h + 2*o - 4, 4*h + 5*o = a. List the prime factors of h.
2
Let u = -1 + 13. List the prime factors of ((-8)/(-6))/(2/u).
2
Let s(k) = -k**2 - 12*k - 12. Let n(u) = 6*u + 2. Let w be n(-2). List the prime factors of s(w).
2
Suppose 0 = 5*s + 4*k - 56, 0 = -s + 11*k - 15*k + 24. List the prime factors of s.
2
Let h(b) be the third derivative of b**4/8 - 5*b**3/3 - 3*b**2. List the prime factors of h(10).
2, 5
List the prime factors of 34102/153 + 2/18.
223
Suppose -5*t - 40 = -7*t. List the prime factors of t.
2, 5
Suppose f - 4*a = -3*f, 3*f = -3*a + 18. Suppose f*i = i. Suppose -3*n + 30 + 12 = i. What are the prime factors of n?
2, 7
Let x be ((-3)/2)/((-2)/4). Suppose -v + x*v - 28 = 0. Suppose v = 2*z - z. List the prime factors of z.
2, 7
Suppose 0 = -4*g - 1242 + 262. What are the prime factors of g/(-9) - 26/117?
3
List the prime factors of 987/9 + (-4)/6.
109
Suppose 13*a + 0*a = 3874. What are the prime factors of a?
2, 149
Suppose 3*l - 208 = -l. What are the prime factors of l?
2, 13
Suppose 0 = -4*f + 5*f. What are the prime factors of 38 - (f - (-6)/(-3))?
2, 5
Let q be 7*(10/(-14) + 1). Suppose -q*r + 12 + 22 = 0. List the prime factors of r.
17
Suppose 6*p = p + 25. Let z = 4 + p. List the prime factors of z.
3
Let u be 3/(0 - 1/1). What are the prime factors of 6 - 3*(-3)/u?
3
Let i(n) = 39*n - 3. What are the prime factors of i(3)?
2, 3, 19
Suppose 0 = 5*k + 10 - 0. Let y = 44 + k. List the prime factors of y.
2, 3, 7
Let b(a) be the third derivative of a**4/24 + 5*a**3/6 + 2*a**2. Let j be b(-3). What are the prime factors of 1 + 1/j*14?
2
Let i be 2 + (-3)/1 - -3. Let q(b) = 13*b**2 + 5 - 2 + i - 4. What are the prime factors of q(-1)?
2, 7
Suppose -3 + 0 = -3*m. Let j(f) = 0*f + 0 - m - 1 + f. What are the prime factors of j(6)?
2
Suppose -3*r = r - 16. What are the prime factors of r?
2
Let v be 0 + 1 + (1 - 31). Let k = v + 46. List the prime factors of k.
17
Suppose 0 = 3*p - 0*b - b - 750, -5*p + 1250 = -3*b. What are the prime factors of p?
2, 5
Suppose -4*h + 4*o - 108 + 420 = 0, 3*o = h - 74. What are the prime factors of h?
2, 5
Let x(s) = 2*s**2 - 2*s + 2. Let q be x(2). Suppose v = -5*m + 88, m + q*v = v + 32. List the prime factors of m.
17
Suppose -5*g + 87 = -2*i, 5*g + 5*i - 58 = 22. What are the prime factors of g?
17
Let v(s) be the second derivative of -s**5/20 - s**4/2 - s**3/2 + s**2 + 2*s. Let n be v(-4). Let i = -6 - n. What are the prime factors of i?
2, 3
Let d = 53 + 4. Suppose 3*l - d = -2*m, -5*l + 37 = 2*m - 26. What are the prime factors of m?
2, 3
Suppose -4*p + 16 = w - 14, -2*p = -w + 42. What are the prime factors of w?
2, 19
Suppose -90 = -8*u + 558. List the prime factors of u.
3
Let r(x) = -6*x - x**2 + 2*x**2 + 8*x + 3. Let z(g) = -g**3 + 5*g**2 + 5*g + 2. Let v be z(6). What are the prime factors of r(v)?
11
Let y be 2*(-1)/2*0. Suppose -2*l + 44 = -5*t, 4*t - 8 = -y. List the prime factors of l.
3
Let g = 1 - 1. Suppose 4*o - 12 + 4 = g. What are the prime factors of (o/3)/(6/99)?
11
Suppose -8*a + 2611 = -a. List the prime factors of a.
373
Let f = 36 - 18. List the prime factors of (-2)/(-6) + 354/f.
2, 5
What are the prime factors of 4 - (-32 + -2) - 2*2?
2, 17
Let k = -2 - -2. Suppose c = -k*c + 5. List the prime factors of c.
5
Suppose -8*n = -3*n + 30. Let m be n/(-9) - (-5)/(-3). Let j = m - -15. What are the prime factors of j?
2, 7
Let c be 3*(-2)/(-10)*35. Let p = 42 - c. What are the prime factors of p?
3, 7
Let i(d) = -2*d**3 - 2*d - 1. Let z be i(-1). Let y = z + -1. Suppose 0 = -q - l - 4*l + 7, y*l - 2 = 0. What are the prime factors of q?
2
Let u = 4 - -1. Suppose -72 = u*j - v - 1, -5*j = -5*v + 55. Let t = j + 27. List the prime factors of t.
2, 3
Let r(v) = 33*v - 3. What are the prime factors of r(2)?
3, 7
Let p = -2 + -3. Let v be 6/p*15/6. Let a = v - -10. What are the prime factors of a?
7
Let x = -4 - -2. Let n be (-4)/(x + (-64)/(-34)). Suppose 2*w - n = -2*f, -2*w = w - 2*f - 26. What are the prim